{"id":696,"date":"2019-09-01T03:12:35","date_gmt":"2019-09-01T01:12:35","guid":{"rendered":"https:\/\/kataproducciones.es\/imaginakata\/?page_id=696"},"modified":"2021-07-22T00:43:10","modified_gmt":"2021-07-21T22:43:10","slug":"la-compania","status":"publish","type":"page","link":"https:\/\/kataproducciones.es\/imaginakata\/la-compania\/","title":{"rendered":"La Compa\u00f1\u00eda"},"content":{"rendered":"\n<p class=\"has-medium-font-size\"><strong>\u00bfPor qu\u00e9 Kata Producciones?<\/strong><\/p>\n\n\n\n<p class=\"has-medium-font-size\">En una cata de vino tienes la oportunidad de experimentar las diferencias de aroma, textura, sabor y cuerpo de varios tipos de vino, pero ninguno termina de <em>ser<\/em> hasta que no lo ha percibido tu paladar.<\/p>\n\n\n\n<p class=\"has-medium-font-size\">Los proyectos que ofrecemos desde esta emergente compa\u00f1\u00eda terminan en la percepci\u00f3n del espectador. Es un teatro vivo, din\u00e1mico, atemporal y ef\u00edmero, igual que el momento de degustar un vino.<\/p>\n\n\n\n<p class=\"has-medium-font-size\"><strong>HISTORIA DE KATA PRODUCCIONES<\/strong><\/p>\n\n\n\n<p class=\"has-medium-font-size\">Kata Producciones es una factor\u00eda de teatro incipiente, fundada en 2018 al auspicio de un proyecto global llamado MATRIOSKAS COMPANY, dedicado a investigar y difundir informaci\u00f3n sobre la ontogenia humana, el desarrollo natural de nuestra especie y su deriva en un mundo desnaturalizado, pero donde la apertura de consciencia est\u00e1 ocupando espacios cada vez m\u00e1s p\u00fablicos.<\/p>\n\n\n\n<p class=\"has-medium-font-size\">Los inicios de esta compa\u00f1\u00eda se fraguan en una mente inquieta y ocupada en temas que llenan las filas de los patios de butacas: las mujeres, sus reto\u00f1os, sus anhelos, sus miserias, sus horrores, sus fortalezas, sus vulnerabilidades\u2026 Desde una dimensi\u00f3n m\u00e1s libre de juicio y m\u00e1s cargada de cari\u00f1o.<\/p>\n\n\n\n<p class=\"has-medium-font-size\">Lo femenino est\u00e1 cobrando otros matices, y Kata Producciones quiere hacerse eco de eso en manos de Aida Cobos, su directora.<\/p>\n\n\n\n<figure class=\"wp-block-image\"><img loading=\"lazy\" decoding=\"async\" width=\"300\" height=\"300\" src=\"https:\/\/kataproducciones.es\/imaginakata\/wp-content\/uploads\/sites\/8\/2019\/08\/img_20190326_221528_38613895721-300x300.jpg\" alt=\"\" class=\"wp-image-116\" srcset=\"https:\/\/kataproducciones.es\/imaginakata\/wp-content\/uploads\/sites\/8\/2019\/08\/img_20190326_221528_38613895721-300x300.jpg 300w, https:\/\/kataproducciones.es\/imaginakata\/wp-content\/uploads\/sites\/8\/2019\/08\/img_20190326_221528_38613895721-150x150.jpg 150w, https:\/\/kataproducciones.es\/imaginakata\/wp-content\/uploads\/sites\/8\/2019\/08\/img_20190326_221528_38613895721-768x768.jpg 768w, https:\/\/kataproducciones.es\/imaginakata\/wp-content\/uploads\/sites\/8\/2019\/08\/img_20190326_221528_38613895721-1024x1024.jpg 1024w, https:\/\/kataproducciones.es\/imaginakata\/wp-content\/uploads\/sites\/8\/2019\/08\/img_20190326_221528_38613895721.jpg 1200w, https:\/\/kataproducciones.es\/imaginakata\/wp-content\/uploads\/sites\/8\/2019\/08\/img_20190326_221528_38613895721-100x100.jpg 100w\" sizes=\"auto, (max-width: 300px) 100vw, 300px\" \/><\/figure>\n\n\n\n<p><strong>SOBRE SU DIRECTORA<\/strong><\/p>\n\n\n\n<p class=\"has-medium-font-size\">Aida Cobos S\u00e1nchez, Badajoz, 1981.<br>Actriz con experiencia en interpretaci\u00f3n teatral y frente a c\u00e1mara desde el a\u00f1o 1995, conjug\u00f3 formaci\u00f3n y pr\u00e1ctica laboral desde esos inicios, tanto dentro como fuera de Extremadura, pasando por espacios esc\u00e9nicos como la Sala Tragaluz, Academia Tri\u00e1ngulo, La Usina, CinemaRoom, y m\u00e1s recientemente en La Expositiva bajo la direcci\u00f3n de Larisa Ramos (Laviebel).<br>Badajoz, Madrid, Granada la han visto crecer personal y profesionalmente, llev\u00e1ndola a crear su opera prima esc\u00e9nica: 5 Pieles 5 Historias.<\/p>\n","protected":false},"excerpt":{"rendered":"<p>\u00bfPor qu\u00e9 Kata Producciones? En una cata de vino tienes la oportunidad de experimentar las diferencias de aroma, textura, sabor y cuerpo de varios tipos de vino, pero ninguno termina de ser hasta que no lo ha percibido tu paladar. Los proyectos que ofrecemos desde esta emergente compa\u00f1\u00eda terminan en la percepci\u00f3n del espectador. Es&#8230;<\/p>\n","protected":false},"author":1,"featured_media":0,"parent":0,"menu_order":0,"comment_status":"closed","ping_status":"closed","template":"","meta":{"_kad_post_transparent":"","_kad_post_title":"","_kad_post_layout":"","_kad_post_sidebar_id":"","_kad_post_content_style":"","_kad_post_vertical_padding":"","_kad_post_feature":"","_kad_post_feature_position":"","_kad_post_header":false,"_kad_post_footer":false,"_kad_post_classname":"","footnotes":""},"class_list":["post-696","page","type-page","status-publish","hentry"],"yoast_head":"<!-- This site is optimized with the Yoast SEO plugin v27.4 - https:\/\/yoast.com\/product\/yoast-seo-wordpress\/ -->\n<title>La Compa\u00f1\u00eda - ImaginaKata<\/title>\n<meta name=\"robots\" content=\"index, follow, max-snippet:-1, max-image-preview:large, max-video-preview:-1\" \/>\n<link rel=\"canonical\" href=\"https:\/\/kataproducciones.es\/imaginakata\/la-compania\/\" \/>\n<meta property=\"og:locale\" content=\"es_ES\" \/>\n<meta property=\"og:type\" content=\"article\" \/>\n<meta property=\"og:title\" content=\"La Compa\u00f1\u00eda - ImaginaKata\" \/>\n<meta property=\"og:description\" content=\"\u00bfPor qu\u00e9 Kata Producciones? En una cata de vino tienes la oportunidad de experimentar las diferencias de aroma, textura, sabor y cuerpo de varios tipos de vino, pero ninguno termina de ser hasta que no lo ha percibido tu paladar. Los proyectos que ofrecemos desde esta emergente compa\u00f1\u00eda terminan en la percepci\u00f3n del espectador. Es...\" \/>\n<meta property=\"og:url\" content=\"https:\/\/kataproducciones.es\/imaginakata\/la-compania\/\" \/>\n<meta property=\"og:site_name\" content=\"ImaginaKata\" \/>\n<meta property=\"article:modified_time\" content=\"2021-07-21T22:43:10+00:00\" \/>\n<meta property=\"og:image\" content=\"https:\/\/kataproducciones.es\/imaginakata\/wp-content\/uploads\/sites\/8\/2019\/08\/img_20190326_221528_38613895721-300x300.jpg\" \/>\n<meta name=\"twitter:card\" content=\"summary_large_image\" \/>\n<meta name=\"twitter:label1\" content=\"Tiempo de lectura\" \/>\n\t<meta name=\"twitter:data1\" content=\"2 minutos\" \/>\n<script type=\"application\/ld+json\" class=\"yoast-schema-graph\">{\"@context\":\"https:\\\/\\\/schema.org\",\"@graph\":[{\"@type\":\"WebPage\",\"@id\":\"https:\\\/\\\/kataproducciones.es\\\/imaginakata\\\/la-compania\\\/\",\"url\":\"https:\\\/\\\/kataproducciones.es\\\/imaginakata\\\/la-compania\\\/\",\"name\":\"La Compa\u00f1\u00eda - ImaginaKata\",\"isPartOf\":{\"@id\":\"https:\\\/\\\/kataproducciones.es\\\/imaginakata\\\/#website\"},\"primaryImageOfPage\":{\"@id\":\"https:\\\/\\\/kataproducciones.es\\\/imaginakata\\\/la-compania\\\/#primaryimage\"},\"image\":{\"@id\":\"https:\\\/\\\/kataproducciones.es\\\/imaginakata\\\/la-compania\\\/#primaryimage\"},\"thumbnailUrl\":\"https:\\\/\\\/kataproducciones.es\\\/imaginakata\\\/wp-content\\\/uploads\\\/sites\\\/8\\\/2019\\\/08\\\/img_20190326_221528_38613895721-300x300.jpg\",\"datePublished\":\"2019-09-01T01:12:35+00:00\",\"dateModified\":\"2021-07-21T22:43:10+00:00\",\"breadcrumb\":{\"@id\":\"https:\\\/\\\/kataproducciones.es\\\/imaginakata\\\/la-compania\\\/#breadcrumb\"},\"inLanguage\":\"es\",\"potentialAction\":[{\"@type\":\"ReadAction\",\"target\":[\"https:\\\/\\\/kataproducciones.es\\\/imaginakata\\\/la-compania\\\/\"]}]},{\"@type\":\"ImageObject\",\"inLanguage\":\"es\",\"@id\":\"https:\\\/\\\/kataproducciones.es\\\/imaginakata\\\/la-compania\\\/#primaryimage\",\"url\":\"https:\\\/\\\/kataproducciones.es\\\/imaginakata\\\/wp-content\\\/uploads\\\/sites\\\/8\\\/2019\\\/08\\\/img_20190326_221528_38613895721.jpg\",\"contentUrl\":\"https:\\\/\\\/kataproducciones.es\\\/imaginakata\\\/wp-content\\\/uploads\\\/sites\\\/8\\\/2019\\\/08\\\/img_20190326_221528_38613895721.jpg\",\"width\":1200,\"height\":1200},{\"@type\":\"BreadcrumbList\",\"@id\":\"https:\\\/\\\/kataproducciones.es\\\/imaginakata\\\/la-compania\\\/#breadcrumb\",\"itemListElement\":[{\"@type\":\"ListItem\",\"position\":1,\"name\":\"Portada\",\"item\":\"https:\\\/\\\/kataproducciones.es\\\/imaginakata\\\/\"},{\"@type\":\"ListItem\",\"position\":2,\"name\":\"La Compa\u00f1\u00eda\"}]},{\"@type\":\"WebSite\",\"@id\":\"https:\\\/\\\/kataproducciones.es\\\/imaginakata\\\/#website\",\"url\":\"https:\\\/\\\/kataproducciones.es\\\/imaginakata\\\/\",\"name\":\"ImaginaKata\",\"description\":\"Teatro en estado puro\",\"potentialAction\":[{\"@type\":\"SearchAction\",\"target\":{\"@type\":\"EntryPoint\",\"urlTemplate\":\"https:\\\/\\\/kataproducciones.es\\\/imaginakata\\\/?s={search_term_string}\"},\"query-input\":{\"@type\":\"PropertyValueSpecification\",\"valueRequired\":true,\"valueName\":\"search_term_string\"}}],\"inLanguage\":\"es\"}]}<\/script>\n<!-- \/ Yoast SEO plugin. -->","yoast_head_json":{"title":"La Compa\u00f1\u00eda - ImaginaKata","robots":{"index":"index","follow":"follow","max-snippet":"max-snippet:-1","max-image-preview":"max-image-preview:large","max-video-preview":"max-video-preview:-1"},"canonical":"https:\/\/kataproducciones.es\/imaginakata\/la-compania\/","og_locale":"es_ES","og_type":"article","og_title":"La Compa\u00f1\u00eda - ImaginaKata","og_description":"\u00bfPor qu\u00e9 Kata Producciones? En una cata de vino tienes la oportunidad de experimentar las diferencias de aroma, textura, sabor y cuerpo de varios tipos de vino, pero ninguno termina de ser hasta que no lo ha percibido tu paladar. Los proyectos que ofrecemos desde esta emergente compa\u00f1\u00eda terminan en la percepci\u00f3n del espectador. Es...","og_url":"https:\/\/kataproducciones.es\/imaginakata\/la-compania\/","og_site_name":"ImaginaKata","article_modified_time":"2021-07-21T22:43:10+00:00","og_image":[{"url":"https:\/\/kataproducciones.es\/imaginakata\/wp-content\/uploads\/sites\/8\/2019\/08\/img_20190326_221528_38613895721-300x300.jpg","type":"","width":"","height":""}],"twitter_card":"summary_large_image","twitter_misc":{"Tiempo de lectura":"2 minutos"},"schema":{"@context":"https:\/\/schema.org","@graph":[{"@type":"WebPage","@id":"https:\/\/kataproducciones.es\/imaginakata\/la-compania\/","url":"https:\/\/kataproducciones.es\/imaginakata\/la-compania\/","name":"La Compa\u00f1\u00eda - ImaginaKata","isPartOf":{"@id":"https:\/\/kataproducciones.es\/imaginakata\/#website"},"primaryImageOfPage":{"@id":"https:\/\/kataproducciones.es\/imaginakata\/la-compania\/#primaryimage"},"image":{"@id":"https:\/\/kataproducciones.es\/imaginakata\/la-compania\/#primaryimage"},"thumbnailUrl":"https:\/\/kataproducciones.es\/imaginakata\/wp-content\/uploads\/sites\/8\/2019\/08\/img_20190326_221528_38613895721-300x300.jpg","datePublished":"2019-09-01T01:12:35+00:00","dateModified":"2021-07-21T22:43:10+00:00","breadcrumb":{"@id":"https:\/\/kataproducciones.es\/imaginakata\/la-compania\/#breadcrumb"},"inLanguage":"es","potentialAction":[{"@type":"ReadAction","target":["https:\/\/kataproducciones.es\/imaginakata\/la-compania\/"]}]},{"@type":"ImageObject","inLanguage":"es","@id":"https:\/\/kataproducciones.es\/imaginakata\/la-compania\/#primaryimage","url":"https:\/\/kataproducciones.es\/imaginakata\/wp-content\/uploads\/sites\/8\/2019\/08\/img_20190326_221528_38613895721.jpg","contentUrl":"https:\/\/kataproducciones.es\/imaginakata\/wp-content\/uploads\/sites\/8\/2019\/08\/img_20190326_221528_38613895721.jpg","width":1200,"height":1200},{"@type":"BreadcrumbList","@id":"https:\/\/kataproducciones.es\/imaginakata\/la-compania\/#breadcrumb","itemListElement":[{"@type":"ListItem","position":1,"name":"Portada","item":"https:\/\/kataproducciones.es\/imaginakata\/"},{"@type":"ListItem","position":2,"name":"La Compa\u00f1\u00eda"}]},{"@type":"WebSite","@id":"https:\/\/kataproducciones.es\/imaginakata\/#website","url":"https:\/\/kataproducciones.es\/imaginakata\/","name":"ImaginaKata","description":"Teatro en estado puro","potentialAction":[{"@type":"SearchAction","target":{"@type":"EntryPoint","urlTemplate":"https:\/\/kataproducciones.es\/imaginakata\/?s={search_term_string}"},"query-input":{"@type":"PropertyValueSpecification","valueRequired":true,"valueName":"search_term_string"}}],"inLanguage":"es"}]}},"_links":{"self":[{"href":"https:\/\/kataproducciones.es\/imaginakata\/wp-json\/wp\/v2\/pages\/696","targetHints":{"allow":["GET"]}}],"collection":[{"href":"https:\/\/kataproducciones.es\/imaginakata\/wp-json\/wp\/v2\/pages"}],"about":[{"href":"https:\/\/kataproducciones.es\/imaginakata\/wp-json\/wp\/v2\/types\/page"}],"author":[{"embeddable":true,"href":"https:\/\/kataproducciones.es\/imaginakata\/wp-json\/wp\/v2\/users\/1"}],"replies":[{"embeddable":true,"href":"https:\/\/kataproducciones.es\/imaginakata\/wp-json\/wp\/v2\/comments?post=696"}],"version-history":[{"count":3,"href":"https:\/\/kataproducciones.es\/imaginakata\/wp-json\/wp\/v2\/pages\/696\/revisions"}],"predecessor-version":[{"id":2088,"href":"https:\/\/kataproducciones.es\/imaginakata\/wp-json\/wp\/v2\/pages\/696\/revisions\/2088"}],"wp:attachment":[{"href":"https:\/\/kataproducciones.es\/imaginakata\/wp-json\/wp\/v2\/media?parent=696"}],"curies":[{"name":"wp","href":"https:\/\/api.w.org\/{rel}","templated":true}]}}