{"id":1751,"date":"2021-04-05T22:15:00","date_gmt":"2021-04-05T20:15:00","guid":{"rendered":"https:\/\/kataproducciones.es\/imaginakata\/?page_id=1751"},"modified":"2021-04-07T22:00:11","modified_gmt":"2021-04-07T20:00:11","slug":"cuento-animado-solsticio-invierno","status":"publish","type":"page","link":"https:\/\/kataproducciones.es\/imaginakata\/cuento-animado-solsticio-invierno\/","title":{"rendered":"Cuento animado del solsticio de invierno"},"content":{"rendered":"","protected":false},"excerpt":{"rendered":"","protected":false},"author":1,"featured_media":0,"parent":0,"menu_order":0,"comment_status":"closed","ping_status":"closed","template":"","meta":{"_kad_post_transparent":"","_kad_post_title":"","_kad_post_layout":"","_kad_post_sidebar_id":"","_kad_post_content_style":"","_kad_post_vertical_padding":"","_kad_post_feature":"","_kad_post_feature_position":"","_kad_post_header":false,"_kad_post_footer":false,"_kad_post_classname":"","footnotes":""},"class_list":["post-1751","page","type-page","status-publish","hentry"],"yoast_head":"<!-- This site is optimized with the Yoast SEO plugin v27.4 - https:\/\/yoast.com\/product\/yoast-seo-wordpress\/ -->\n<title>Cuento animado del solsticio de invierno - Kataproducciones - A\u00edda Cobos<\/title>\n<meta name=\"description\" content=\"La compa\u00f1\u00eda Imaginakata nos explica con un cuento animado que tiene que ver la navidad con el solsticio de invierno.\" \/>\n<meta name=\"robots\" content=\"index, follow, max-snippet:-1, max-image-preview:large, max-video-preview:-1\" \/>\n<link rel=\"canonical\" href=\"https:\/\/kataproducciones.es\/imaginakata\/cuento-animado-solsticio-invierno\/\" \/>\n<meta property=\"og:locale\" content=\"es_ES\" \/>\n<meta property=\"og:type\" content=\"article\" \/>\n<meta property=\"og:title\" content=\"Cuento animado del solsticio de invierno - Kataproducciones - A\u00edda Cobos\" \/>\n<meta property=\"og:description\" content=\"La compa\u00f1\u00eda Imaginakata nos explica con un cuento animado que tiene que ver la navidad con el solsticio de invierno.\" \/>\n<meta property=\"og:url\" content=\"https:\/\/kataproducciones.es\/imaginakata\/cuento-animado-solsticio-invierno\/\" \/>\n<meta property=\"og:site_name\" content=\"ImaginaKata\" \/>\n<meta property=\"article:modified_time\" content=\"2021-04-07T20:00:11+00:00\" \/>\n<meta name=\"twitter:card\" content=\"summary_large_image\" \/>\n<script type=\"application\/ld+json\" class=\"yoast-schema-graph\">{\"@context\":\"https:\\\/\\\/schema.org\",\"@graph\":[{\"@type\":\"WebPage\",\"@id\":\"https:\\\/\\\/kataproducciones.es\\\/imaginakata\\\/cuento-animado-solsticio-invierno\\\/\",\"url\":\"https:\\\/\\\/kataproducciones.es\\\/imaginakata\\\/cuento-animado-solsticio-invierno\\\/\",\"name\":\"Cuento animado del solsticio de invierno - Kataproducciones - A\u00edda Cobos\",\"isPartOf\":{\"@id\":\"https:\\\/\\\/kataproducciones.es\\\/imaginakata\\\/#website\"},\"datePublished\":\"2021-04-05T20:15:00+00:00\",\"dateModified\":\"2021-04-07T20:00:11+00:00\",\"description\":\"La compa\u00f1\u00eda Imaginakata nos explica con un cuento animado que tiene que ver la navidad con el solsticio de invierno.\",\"breadcrumb\":{\"@id\":\"https:\\\/\\\/kataproducciones.es\\\/imaginakata\\\/cuento-animado-solsticio-invierno\\\/#breadcrumb\"},\"inLanguage\":\"es\",\"potentialAction\":[{\"@type\":\"ReadAction\",\"target\":[\"https:\\\/\\\/kataproducciones.es\\\/imaginakata\\\/cuento-animado-solsticio-invierno\\\/\"]}]},{\"@type\":\"BreadcrumbList\",\"@id\":\"https:\\\/\\\/kataproducciones.es\\\/imaginakata\\\/cuento-animado-solsticio-invierno\\\/#breadcrumb\",\"itemListElement\":[{\"@type\":\"ListItem\",\"position\":1,\"name\":\"Portada\",\"item\":\"https:\\\/\\\/kataproducciones.es\\\/imaginakata\\\/\"},{\"@type\":\"ListItem\",\"position\":2,\"name\":\"Cuento animado del solsticio de invierno\"}]},{\"@type\":\"WebSite\",\"@id\":\"https:\\\/\\\/kataproducciones.es\\\/imaginakata\\\/#website\",\"url\":\"https:\\\/\\\/kataproducciones.es\\\/imaginakata\\\/\",\"name\":\"ImaginaKata\",\"description\":\"Teatro en estado puro\",\"potentialAction\":[{\"@type\":\"SearchAction\",\"target\":{\"@type\":\"EntryPoint\",\"urlTemplate\":\"https:\\\/\\\/kataproducciones.es\\\/imaginakata\\\/?s={search_term_string}\"},\"query-input\":{\"@type\":\"PropertyValueSpecification\",\"valueRequired\":true,\"valueName\":\"search_term_string\"}}],\"inLanguage\":\"es\"}]}<\/script>\n<!-- \/ Yoast SEO plugin. -->","yoast_head_json":{"title":"Cuento animado del solsticio de invierno - Kataproducciones - A\u00edda Cobos","description":"La compa\u00f1\u00eda Imaginakata nos explica con un cuento animado que tiene que ver la navidad con el solsticio de invierno.","robots":{"index":"index","follow":"follow","max-snippet":"max-snippet:-1","max-image-preview":"max-image-preview:large","max-video-preview":"max-video-preview:-1"},"canonical":"https:\/\/kataproducciones.es\/imaginakata\/cuento-animado-solsticio-invierno\/","og_locale":"es_ES","og_type":"article","og_title":"Cuento animado del solsticio de invierno - Kataproducciones - A\u00edda Cobos","og_description":"La compa\u00f1\u00eda Imaginakata nos explica con un cuento animado que tiene que ver la navidad con el solsticio de invierno.","og_url":"https:\/\/kataproducciones.es\/imaginakata\/cuento-animado-solsticio-invierno\/","og_site_name":"ImaginaKata","article_modified_time":"2021-04-07T20:00:11+00:00","twitter_card":"summary_large_image","schema":{"@context":"https:\/\/schema.org","@graph":[{"@type":"WebPage","@id":"https:\/\/kataproducciones.es\/imaginakata\/cuento-animado-solsticio-invierno\/","url":"https:\/\/kataproducciones.es\/imaginakata\/cuento-animado-solsticio-invierno\/","name":"Cuento animado del solsticio de invierno - Kataproducciones - A\u00edda Cobos","isPartOf":{"@id":"https:\/\/kataproducciones.es\/imaginakata\/#website"},"datePublished":"2021-04-05T20:15:00+00:00","dateModified":"2021-04-07T20:00:11+00:00","description":"La compa\u00f1\u00eda Imaginakata nos explica con un cuento animado que tiene que ver la navidad con el solsticio de invierno.","breadcrumb":{"@id":"https:\/\/kataproducciones.es\/imaginakata\/cuento-animado-solsticio-invierno\/#breadcrumb"},"inLanguage":"es","potentialAction":[{"@type":"ReadAction","target":["https:\/\/kataproducciones.es\/imaginakata\/cuento-animado-solsticio-invierno\/"]}]},{"@type":"BreadcrumbList","@id":"https:\/\/kataproducciones.es\/imaginakata\/cuento-animado-solsticio-invierno\/#breadcrumb","itemListElement":[{"@type":"ListItem","position":1,"name":"Portada","item":"https:\/\/kataproducciones.es\/imaginakata\/"},{"@type":"ListItem","position":2,"name":"Cuento animado del solsticio de invierno"}]},{"@type":"WebSite","@id":"https:\/\/kataproducciones.es\/imaginakata\/#website","url":"https:\/\/kataproducciones.es\/imaginakata\/","name":"ImaginaKata","description":"Teatro en estado puro","potentialAction":[{"@type":"SearchAction","target":{"@type":"EntryPoint","urlTemplate":"https:\/\/kataproducciones.es\/imaginakata\/?s={search_term_string}"},"query-input":{"@type":"PropertyValueSpecification","valueRequired":true,"valueName":"search_term_string"}}],"inLanguage":"es"}]}},"_links":{"self":[{"href":"https:\/\/kataproducciones.es\/imaginakata\/wp-json\/wp\/v2\/pages\/1751","targetHints":{"allow":["GET"]}}],"collection":[{"href":"https:\/\/kataproducciones.es\/imaginakata\/wp-json\/wp\/v2\/pages"}],"about":[{"href":"https:\/\/kataproducciones.es\/imaginakata\/wp-json\/wp\/v2\/types\/page"}],"author":[{"embeddable":true,"href":"https:\/\/kataproducciones.es\/imaginakata\/wp-json\/wp\/v2\/users\/1"}],"replies":[{"embeddable":true,"href":"https:\/\/kataproducciones.es\/imaginakata\/wp-json\/wp\/v2\/comments?post=1751"}],"version-history":[{"count":2,"href":"https:\/\/kataproducciones.es\/imaginakata\/wp-json\/wp\/v2\/pages\/1751\/revisions"}],"predecessor-version":[{"id":1785,"href":"https:\/\/kataproducciones.es\/imaginakata\/wp-json\/wp\/v2\/pages\/1751\/revisions\/1785"}],"wp:attachment":[{"href":"https:\/\/kataproducciones.es\/imaginakata\/wp-json\/wp\/v2\/media?parent=1751"}],"curies":[{"name":"wp","href":"https:\/\/api.w.org\/{rel}","templated":true}]}}

<!-- This site is optimized with the Yoast SEO plugin v27.4 - https://yoast.com/product/yoast-seo-wordpress/ -->
<title>Cuento animado del solsticio de invierno - Kataproducciones - Aída Cobos</title>
<meta name="description" content="La compañía Imaginakata nos explica con un cuento animado que tiene que ver la navidad con el solsticio de invierno." />
<meta name="robots" content="index, follow, max-snippet:-1, max-image-preview:large, max-video-preview:-1" />
<link rel="canonical" href="https://kataproducciones.es/imaginakata/cuento-animado-solsticio-invierno/" />
<meta property="og:locale" content="es_ES" />
<meta property="og:type" content="article" />
<meta property="og:title" content="Cuento animado del solsticio de invierno - Kataproducciones - Aída Cobos" />
<meta property="og:description" content="La compañía Imaginakata nos explica con un cuento animado que tiene que ver la navidad con el solsticio de invierno." />
<meta property="og:url" content="https://kataproducciones.es/imaginakata/cuento-animado-solsticio-invierno/" />
<meta property="og:site_name" content="ImaginaKata" />
<meta property="article:modified_time" content="2021-04-07T20:00:11+00:00" />
<meta name="twitter:card" content="summary_large_image" />
<script type="application/ld+json" class="yoast-schema-graph">{"@context":"https:\/\/schema.org","@graph":[{"@type":"WebPage","@id":"https:\/\/kataproducciones.es\/imaginakata\/cuento-animado-solsticio-invierno\/","url":"https:\/\/kataproducciones.es\/imaginakata\/cuento-animado-solsticio-invierno\/","name":"Cuento animado del solsticio de invierno - Kataproducciones - Aída Cobos","isPartOf":{"@id":"https:\/\/kataproducciones.es\/imaginakata\/#website"},"datePublished":"2021-04-05T20:15:00+00:00","dateModified":"2021-04-07T20:00:11+00:00","description":"La compañía Imaginakata nos explica con un cuento animado que tiene que ver la navidad con el solsticio de invierno.","breadcrumb":{"@id":"https:\/\/kataproducciones.es\/imaginakata\/cuento-animado-solsticio-invierno\/#breadcrumb"},"inLanguage":"es","potentialAction":[{"@type":"ReadAction","target":["https:\/\/kataproducciones.es\/imaginakata\/cuento-animado-solsticio-invierno\/"]}]},{"@type":"BreadcrumbList","@id":"https:\/\/kataproducciones.es\/imaginakata\/cuento-animado-solsticio-invierno\/#breadcrumb","itemListElement":[{"@type":"ListItem","position":1,"name":"Portada","item":"https:\/\/kataproducciones.es\/imaginakata\/"},{"@type":"ListItem","position":2,"name":"Cuento animado del solsticio de invierno"}]},{"@type":"WebSite","@id":"https:\/\/kataproducciones.es\/imaginakata\/#website","url":"https:\/\/kataproducciones.es\/imaginakata\/","name":"ImaginaKata","description":"Teatro en estado puro","potentialAction":[{"@type":"SearchAction","target":{"@type":"EntryPoint","urlTemplate":"https:\/\/kataproducciones.es\/imaginakata\/?s={search_term_string}"},"query-input":{"@type":"PropertyValueSpecification","valueRequired":true,"valueName":"search_term_string"}}],"inLanguage":"es"}]}</script>
<!-- / Yoast SEO plugin. -->

Cuento animado del solsticio de invierno - Kataproducciones - Aída Cobos

La compañía Imaginakata nos explica con un cuento animado que tiene que ver la navidad con el solsticio de invierno.
