{"id":19,"date":"2019-09-30T00:28:22","date_gmt":"2019-09-29T22:28:22","guid":{"rendered":"https:\/\/kataproducciones.es\/edukata\/?page_id=19"},"modified":"2023-09-11T21:22:06","modified_gmt":"2023-09-11T19:22:06","slug":"cursos-de-gestion","status":"publish","type":"page","link":"https:\/\/kataproducciones.es\/edukata\/cursos-de-gestion\/","title":{"rendered":"GESTI\u00d3N Y PRODUCCI\u00d3N CULTURAL"},"content":{"rendered":"\n<p>Formaci\u00f3n alternativa econ\u00f3mica, amena y muy eficaz para saber todo lo necesario si deseas dar el salto del artista amateur al profesional.<\/p>\n\n\n\n<p>Dirigido a artistas de todas las artes esc\u00e9nicas (teatro, danza, m\u00fasica, cine&#8230;).<\/p>\n\n\n\n<p>Facilitamos la informaci\u00f3n fiscal, jur\u00eddica, econ\u00f3mica y laboral, que debes saber antes de convertirte en asociaci\u00f3n, colectivo y empresa cultural, o artista aut\u00f3nomo. Adem\u00e1s de informaci\u00f3n adicional sobre producci\u00f3n, distribuci\u00f3n y ayudas, o subvenciones, fundamental para el despliegue de tu carrera art\u00edstica.<\/p>\n\n\n\n<p>Modalidad <em>on line<\/em> y presencial con tarifas adaptadas a tu realidad. Cont\u00e1ctanos y hablamos.<\/p>\n","protected":false},"excerpt":{"rendered":"<p>Formaci\u00f3n alternativa econ\u00f3mica, amena y muy eficaz para saber todo lo necesario si deseas dar el salto del artista amateur al profesional. Dirigido a artistas de todas las artes esc\u00e9nicas (teatro, danza, m\u00fasica, cine&#8230;). Facilitamos la informaci\u00f3n fiscal, jur\u00eddica, econ\u00f3mica y laboral, que debes saber antes de convertirte en asociaci\u00f3n, &hellip;<\/p>\n","protected":false},"author":1,"featured_media":0,"parent":0,"menu_order":0,"comment_status":"closed","ping_status":"closed","template":"","meta":{"footnotes":""},"class_list":["post-19","page","type-page","status-publish","hentry"],"yoast_head":"<!-- This site is optimized with the Yoast SEO plugin v27.4 - https:\/\/yoast.com\/product\/yoast-seo-wordpress\/ -->\n<title>GESTI\u00d3N Y PRODUCCI\u00d3N CULTURAL - EduKata<\/title>\n<meta name=\"robots\" content=\"index, follow, max-snippet:-1, max-image-preview:large, max-video-preview:-1\" \/>\n<link rel=\"canonical\" href=\"https:\/\/kataproducciones.es\/edukata\/cursos-de-gestion\/\" \/>\n<meta property=\"og:locale\" content=\"es_ES\" \/>\n<meta property=\"og:type\" content=\"article\" \/>\n<meta property=\"og:title\" content=\"GESTI\u00d3N Y PRODUCCI\u00d3N CULTURAL - EduKata\" \/>\n<meta property=\"og:description\" content=\"Formaci\u00f3n alternativa econ\u00f3mica, amena y muy eficaz para saber todo lo necesario si deseas dar el salto del artista amateur al profesional. Dirigido a artistas de todas las artes esc\u00e9nicas (teatro, danza, m\u00fasica, cine&#8230;). Facilitamos la informaci\u00f3n fiscal, jur\u00eddica, econ\u00f3mica y laboral, que debes saber antes de convertirte en asociaci\u00f3n, &hellip;\" \/>\n<meta property=\"og:url\" content=\"https:\/\/kataproducciones.es\/edukata\/cursos-de-gestion\/\" \/>\n<meta property=\"og:site_name\" content=\"EduKata\" \/>\n<meta property=\"article:modified_time\" content=\"2023-09-11T19:22:06+00:00\" \/>\n<meta name=\"twitter:card\" content=\"summary_large_image\" \/>\n<meta name=\"twitter:label1\" content=\"Tiempo de lectura\" \/>\n\t<meta name=\"twitter:data1\" content=\"1 minuto\" \/>\n<script type=\"application\/ld+json\" class=\"yoast-schema-graph\">{\"@context\":\"https:\\\/\\\/schema.org\",\"@graph\":[{\"@type\":\"WebPage\",\"@id\":\"https:\\\/\\\/kataproducciones.es\\\/edukata\\\/cursos-de-gestion\\\/\",\"url\":\"https:\\\/\\\/kataproducciones.es\\\/edukata\\\/cursos-de-gestion\\\/\",\"name\":\"GESTI\u00d3N Y PRODUCCI\u00d3N CULTURAL - EduKata\",\"isPartOf\":{\"@id\":\"https:\\\/\\\/kataproducciones.es\\\/edukata\\\/#website\"},\"datePublished\":\"2019-09-29T22:28:22+00:00\",\"dateModified\":\"2023-09-11T19:22:06+00:00\",\"breadcrumb\":{\"@id\":\"https:\\\/\\\/kataproducciones.es\\\/edukata\\\/cursos-de-gestion\\\/#breadcrumb\"},\"inLanguage\":\"es\",\"potentialAction\":[{\"@type\":\"ReadAction\",\"target\":[\"https:\\\/\\\/kataproducciones.es\\\/edukata\\\/cursos-de-gestion\\\/\"]}]},{\"@type\":\"BreadcrumbList\",\"@id\":\"https:\\\/\\\/kataproducciones.es\\\/edukata\\\/cursos-de-gestion\\\/#breadcrumb\",\"itemListElement\":[{\"@type\":\"ListItem\",\"position\":1,\"name\":\"Portada\",\"item\":\"https:\\\/\\\/kataproducciones.es\\\/edukata\\\/\"},{\"@type\":\"ListItem\",\"position\":2,\"name\":\"GESTI\u00d3N Y PRODUCCI\u00d3N CULTURAL\"}]},{\"@type\":\"WebSite\",\"@id\":\"https:\\\/\\\/kataproducciones.es\\\/edukata\\\/#website\",\"url\":\"https:\\\/\\\/kataproducciones.es\\\/edukata\\\/\",\"name\":\"EduKata\",\"description\":\"\",\"potentialAction\":[{\"@type\":\"SearchAction\",\"target\":{\"@type\":\"EntryPoint\",\"urlTemplate\":\"https:\\\/\\\/kataproducciones.es\\\/edukata\\\/?s={search_term_string}\"},\"query-input\":{\"@type\":\"PropertyValueSpecification\",\"valueRequired\":true,\"valueName\":\"search_term_string\"}}],\"inLanguage\":\"es\"}]}<\/script>\n<!-- \/ Yoast SEO plugin. -->","yoast_head_json":{"title":"GESTI\u00d3N Y PRODUCCI\u00d3N CULTURAL - EduKata","robots":{"index":"index","follow":"follow","max-snippet":"max-snippet:-1","max-image-preview":"max-image-preview:large","max-video-preview":"max-video-preview:-1"},"canonical":"https:\/\/kataproducciones.es\/edukata\/cursos-de-gestion\/","og_locale":"es_ES","og_type":"article","og_title":"GESTI\u00d3N Y PRODUCCI\u00d3N CULTURAL - EduKata","og_description":"Formaci\u00f3n alternativa econ\u00f3mica, amena y muy eficaz para saber todo lo necesario si deseas dar el salto del artista amateur al profesional. Dirigido a artistas de todas las artes esc\u00e9nicas (teatro, danza, m\u00fasica, cine&#8230;). Facilitamos la informaci\u00f3n fiscal, jur\u00eddica, econ\u00f3mica y laboral, que debes saber antes de convertirte en asociaci\u00f3n, &hellip;","og_url":"https:\/\/kataproducciones.es\/edukata\/cursos-de-gestion\/","og_site_name":"EduKata","article_modified_time":"2023-09-11T19:22:06+00:00","twitter_card":"summary_large_image","twitter_misc":{"Tiempo de lectura":"1 minuto"},"schema":{"@context":"https:\/\/schema.org","@graph":[{"@type":"WebPage","@id":"https:\/\/kataproducciones.es\/edukata\/cursos-de-gestion\/","url":"https:\/\/kataproducciones.es\/edukata\/cursos-de-gestion\/","name":"GESTI\u00d3N Y PRODUCCI\u00d3N CULTURAL - EduKata","isPartOf":{"@id":"https:\/\/kataproducciones.es\/edukata\/#website"},"datePublished":"2019-09-29T22:28:22+00:00","dateModified":"2023-09-11T19:22:06+00:00","breadcrumb":{"@id":"https:\/\/kataproducciones.es\/edukata\/cursos-de-gestion\/#breadcrumb"},"inLanguage":"es","potentialAction":[{"@type":"ReadAction","target":["https:\/\/kataproducciones.es\/edukata\/cursos-de-gestion\/"]}]},{"@type":"BreadcrumbList","@id":"https:\/\/kataproducciones.es\/edukata\/cursos-de-gestion\/#breadcrumb","itemListElement":[{"@type":"ListItem","position":1,"name":"Portada","item":"https:\/\/kataproducciones.es\/edukata\/"},{"@type":"ListItem","position":2,"name":"GESTI\u00d3N Y PRODUCCI\u00d3N CULTURAL"}]},{"@type":"WebSite","@id":"https:\/\/kataproducciones.es\/edukata\/#website","url":"https:\/\/kataproducciones.es\/edukata\/","name":"EduKata","description":"","potentialAction":[{"@type":"SearchAction","target":{"@type":"EntryPoint","urlTemplate":"https:\/\/kataproducciones.es\/edukata\/?s={search_term_string}"},"query-input":{"@type":"PropertyValueSpecification","valueRequired":true,"valueName":"search_term_string"}}],"inLanguage":"es"}]}},"_links":{"self":[{"href":"https:\/\/kataproducciones.es\/edukata\/wp-json\/wp\/v2\/pages\/19","targetHints":{"allow":["GET"]}}],"collection":[{"href":"https:\/\/kataproducciones.es\/edukata\/wp-json\/wp\/v2\/pages"}],"about":[{"href":"https:\/\/kataproducciones.es\/edukata\/wp-json\/wp\/v2\/types\/page"}],"author":[{"embeddable":true,"href":"https:\/\/kataproducciones.es\/edukata\/wp-json\/wp\/v2\/users\/1"}],"replies":[{"embeddable":true,"href":"https:\/\/kataproducciones.es\/edukata\/wp-json\/wp\/v2\/comments?post=19"}],"version-history":[{"count":6,"href":"https:\/\/kataproducciones.es\/edukata\/wp-json\/wp\/v2\/pages\/19\/revisions"}],"predecessor-version":[{"id":316,"href":"https:\/\/kataproducciones.es\/edukata\/wp-json\/wp\/v2\/pages\/19\/revisions\/316"}],"wp:attachment":[{"href":"https:\/\/kataproducciones.es\/edukata\/wp-json\/wp\/v2\/media?parent=19"}],"curies":[{"name":"wp","href":"https:\/\/api.w.org\/{rel}","templated":true}]}}