{"id":103,"date":"2019-11-17T23:31:00","date_gmt":"2019-11-17T22:31:00","guid":{"rendered":"https:\/\/kataproducciones.es\/dreams\/?page_id=103"},"modified":"2023-08-31T23:33:09","modified_gmt":"2023-08-31T21:33:09","slug":"los-ods-en-dreamskata","status":"publish","type":"page","link":"https:\/\/kataproducciones.es\/dreamskata\/los-ods-en-dreamskata\/","title":{"rendered":"Los ODS en DreamsKata"},"content":{"rendered":"\n<p>Los Objetivos de Desarrollo Sostenible de las Naciones Unidas son fruto del acuerdo alcanzado por los Estados Miembros de las Naciones Unidas y se componen de una Declaraci\u00f3n, 17 Objetivos de Desarrollo Sostenible, 169 metas, y agrupados en las \u00ab5 P\u00bb (Peace, People, Planet, Prosperity, Partnership). Los Estados Miembros han convenido en tratar de alcanzarlos para el a\u00f1o 2.030, y as\u00ed consta en la Agenda Planetaria hacia la Sostenibilidad.<\/p>\n\n\n\n<p>Facilitamos a las generaciones futuras a trav\u00e9s de nuestros cuentos y talleres el acceso a la informaci\u00f3n que explica qu\u00e9 son estos objetivos, por qu\u00e9 est\u00e1n en boca de todo el mundo \u00faltimamente, y c\u00f3mo se relacionan con nosotros y nuestro d\u00eda a d\u00eda.<\/p>\n\n\n\n<p>Nuestras propuestas los tienen muy en cuenta, porque confiamos en que nos ayuden a recuperar los criterios necesarios que construyen una cultura del bienestar y consolidan una sociedad de sostenibilidad real.<\/p>\n\n\n\n<p>Todos nuestros cuentos giran en torno a alguno, o varios, de los diecisiete Objetivos de Desarrollo Sostenible descritos por la ONU, m\u00e1s algunas de las premisas defendidas por la OMS. Porque DreamsKata quiere estar a la vanguardia de lo que se cuece en los candeleros actuales, rescatando la sabidur\u00eda ancestral y proyectando un futuro rebosante de dignidad, plenitud y confianza en la vida.<\/p>\n","protected":false},"excerpt":{"rendered":"<p>Los Objetivos de Desarrollo Sostenible de las Naciones Unidas son fruto del acuerdo alcanzado por los Estados Miembros de las Naciones Unidas [&hellip;]<\/p>\n","protected":false},"author":1,"featured_media":0,"parent":0,"menu_order":0,"comment_status":"closed","ping_status":"closed","template":"","meta":{"footnotes":""},"class_list":["post-103","page","type-page","status-publish","hentry"],"yoast_head":"<!-- This site is optimized with the Yoast SEO plugin v26.3 - https:\/\/yoast.com\/wordpress\/plugins\/seo\/ -->\n<title>Los ODS en DreamsKata - DreamsKata<\/title>\n<meta name=\"robots\" content=\"index, follow, max-snippet:-1, max-image-preview:large, max-video-preview:-1\" \/>\n<link rel=\"canonical\" href=\"https:\/\/kataproducciones.es\/dreamskata\/los-ods-en-dreamskata\/\" \/>\n<meta property=\"og:locale\" content=\"es_ES\" \/>\n<meta property=\"og:type\" content=\"article\" \/>\n<meta property=\"og:title\" content=\"Los ODS en DreamsKata - DreamsKata\" \/>\n<meta property=\"og:description\" content=\"Los Objetivos de Desarrollo Sostenible de las Naciones Unidas son fruto del acuerdo alcanzado por los Estados Miembros de las Naciones Unidas [&hellip;]\" \/>\n<meta property=\"og:url\" content=\"https:\/\/kataproducciones.es\/dreamskata\/los-ods-en-dreamskata\/\" \/>\n<meta property=\"og:site_name\" content=\"DreamsKata\" \/>\n<meta property=\"article:modified_time\" content=\"2023-08-31T21:33:09+00:00\" \/>\n<meta name=\"twitter:card\" content=\"summary_large_image\" \/>\n<meta name=\"twitter:label1\" content=\"Tiempo de lectura\" \/>\n\t<meta name=\"twitter:data1\" content=\"1 minuto\" \/>\n<script type=\"application\/ld+json\" class=\"yoast-schema-graph\">{\"@context\":\"https:\/\/schema.org\",\"@graph\":[{\"@type\":\"WebPage\",\"@id\":\"https:\/\/kataproducciones.es\/dreamskata\/los-ods-en-dreamskata\/\",\"url\":\"https:\/\/kataproducciones.es\/dreamskata\/los-ods-en-dreamskata\/\",\"name\":\"Los ODS en DreamsKata - DreamsKata\",\"isPartOf\":{\"@id\":\"https:\/\/kataproducciones.es\/dreamskata\/#website\"},\"datePublished\":\"2019-11-17T22:31:00+00:00\",\"dateModified\":\"2023-08-31T21:33:09+00:00\",\"breadcrumb\":{\"@id\":\"https:\/\/kataproducciones.es\/dreamskata\/los-ods-en-dreamskata\/#breadcrumb\"},\"inLanguage\":\"es\",\"potentialAction\":[{\"@type\":\"ReadAction\",\"target\":[\"https:\/\/kataproducciones.es\/dreamskata\/los-ods-en-dreamskata\/\"]}]},{\"@type\":\"BreadcrumbList\",\"@id\":\"https:\/\/kataproducciones.es\/dreamskata\/los-ods-en-dreamskata\/#breadcrumb\",\"itemListElement\":[{\"@type\":\"ListItem\",\"position\":1,\"name\":\"Portada\",\"item\":\"https:\/\/kataproducciones.es\/dreamskata\/\"},{\"@type\":\"ListItem\",\"position\":2,\"name\":\"Los ODS en DreamsKata\"}]},{\"@type\":\"WebSite\",\"@id\":\"https:\/\/kataproducciones.es\/dreamskata\/#website\",\"url\":\"https:\/\/kataproducciones.es\/dreamskata\/\",\"name\":\"DreamsKata\",\"description\":\"\",\"potentialAction\":[{\"@type\":\"SearchAction\",\"target\":{\"@type\":\"EntryPoint\",\"urlTemplate\":\"https:\/\/kataproducciones.es\/dreamskata\/?s={search_term_string}\"},\"query-input\":{\"@type\":\"PropertyValueSpecification\",\"valueRequired\":true,\"valueName\":\"search_term_string\"}}],\"inLanguage\":\"es\"}]}<\/script>\n<!-- \/ Yoast SEO plugin. -->","yoast_head_json":{"title":"Los ODS en DreamsKata - DreamsKata","robots":{"index":"index","follow":"follow","max-snippet":"max-snippet:-1","max-image-preview":"max-image-preview:large","max-video-preview":"max-video-preview:-1"},"canonical":"https:\/\/kataproducciones.es\/dreamskata\/los-ods-en-dreamskata\/","og_locale":"es_ES","og_type":"article","og_title":"Los ODS en DreamsKata - DreamsKata","og_description":"Los Objetivos de Desarrollo Sostenible de las Naciones Unidas son fruto del acuerdo alcanzado por los Estados Miembros de las Naciones Unidas [&hellip;]","og_url":"https:\/\/kataproducciones.es\/dreamskata\/los-ods-en-dreamskata\/","og_site_name":"DreamsKata","article_modified_time":"2023-08-31T21:33:09+00:00","twitter_card":"summary_large_image","twitter_misc":{"Tiempo de lectura":"1 minuto"},"schema":{"@context":"https:\/\/schema.org","@graph":[{"@type":"WebPage","@id":"https:\/\/kataproducciones.es\/dreamskata\/los-ods-en-dreamskata\/","url":"https:\/\/kataproducciones.es\/dreamskata\/los-ods-en-dreamskata\/","name":"Los ODS en DreamsKata - DreamsKata","isPartOf":{"@id":"https:\/\/kataproducciones.es\/dreamskata\/#website"},"datePublished":"2019-11-17T22:31:00+00:00","dateModified":"2023-08-31T21:33:09+00:00","breadcrumb":{"@id":"https:\/\/kataproducciones.es\/dreamskata\/los-ods-en-dreamskata\/#breadcrumb"},"inLanguage":"es","potentialAction":[{"@type":"ReadAction","target":["https:\/\/kataproducciones.es\/dreamskata\/los-ods-en-dreamskata\/"]}]},{"@type":"BreadcrumbList","@id":"https:\/\/kataproducciones.es\/dreamskata\/los-ods-en-dreamskata\/#breadcrumb","itemListElement":[{"@type":"ListItem","position":1,"name":"Portada","item":"https:\/\/kataproducciones.es\/dreamskata\/"},{"@type":"ListItem","position":2,"name":"Los ODS en DreamsKata"}]},{"@type":"WebSite","@id":"https:\/\/kataproducciones.es\/dreamskata\/#website","url":"https:\/\/kataproducciones.es\/dreamskata\/","name":"DreamsKata","description":"","potentialAction":[{"@type":"SearchAction","target":{"@type":"EntryPoint","urlTemplate":"https:\/\/kataproducciones.es\/dreamskata\/?s={search_term_string}"},"query-input":{"@type":"PropertyValueSpecification","valueRequired":true,"valueName":"search_term_string"}}],"inLanguage":"es"}]}},"_links":{"self":[{"href":"https:\/\/kataproducciones.es\/dreamskata\/wp-json\/wp\/v2\/pages\/103","targetHints":{"allow":["GET"]}}],"collection":[{"href":"https:\/\/kataproducciones.es\/dreamskata\/wp-json\/wp\/v2\/pages"}],"about":[{"href":"https:\/\/kataproducciones.es\/dreamskata\/wp-json\/wp\/v2\/types\/page"}],"author":[{"embeddable":true,"href":"https:\/\/kataproducciones.es\/dreamskata\/wp-json\/wp\/v2\/users\/1"}],"replies":[{"embeddable":true,"href":"https:\/\/kataproducciones.es\/dreamskata\/wp-json\/wp\/v2\/comments?post=103"}],"version-history":[{"count":1,"href":"https:\/\/kataproducciones.es\/dreamskata\/wp-json\/wp\/v2\/pages\/103\/revisions"}],"predecessor-version":[{"id":104,"href":"https:\/\/kataproducciones.es\/dreamskata\/wp-json\/wp\/v2\/pages\/103\/revisions\/104"}],"wp:attachment":[{"href":"https:\/\/kataproducciones.es\/dreamskata\/wp-json\/wp\/v2\/media?parent=103"}],"curies":[{"name":"wp","href":"https:\/\/api.w.org\/{rel}","templated":true}]}}